{"id":42,"date":"2023-10-10T10:00:00","date_gmt":"2023-10-10T08:00:00","guid":{"rendered":"https:\/\/www.ms-leibnitz.at\/?page_id=42"},"modified":"2026-03-18T12:09:11","modified_gmt":"2026-03-18T10:09:11","slug":"lehrkraefte","status":"publish","type":"page","link":"https:\/\/www.ms-leibnitz.at\/index.php\/chronik\/lehrkraefte\/","title":{"rendered":"Lehrkr\u00e4fte an der Musikschule seit Gr\u00fcndung"},"content":{"rendered":"\n<p>1955 &#8211; 1955<br>Sophie WAGNER<br>Klavier, Akkordeon<br><br>1955 &#8211; 1965<br>Karl KNIELY<br>Klavier, Akkordeon<br><br>1955 &#8211; 1981<br>Dir. Prof. Franz KORINGER<br>Violine, Theoretische F\u00e4cher<br><br>1955 &#8211; 1981<br>Egon NAGELM\u00dcLLER<br>Blockfl\u00f6te<br><br>1955 &#8211; 1955<br>Carina PICHON<br>Violine<br><br>1955 &#8211; 1955<br>Prof. Franz ROLLER<br>Klavier, Violine<br><br>1955 &#8211; 1984<br>Reinfriede SAUER<br>Blockfl\u00f6te<br><br>1955 &#8211; 1963<br>Maria FRITZ<br>Zither, Gitarre<br><br>1957 &#8211; 1961<br>Rudolf KORP<br>Trompete<br><br>1958 &#8211; 1960<br>Prof. Dr. Wolfgang SUPPAN<br>Klarinette, Klavier, Violine<br><br>1960 &#8211; 1960<br>Josef ROSENBERG<br>Schlagzeug<br><br>1961 &#8211; 1962<br>Leonhard WINKLER<br>Blechblasinstrumente, Klarinette<br><br>1962 &#8211; 1964<br>Helga FREUDENDORFER<br>Violine, Gitarre<br><br>1962 &#8211; 1971<br>Herbert SAUER<br>Akkordeon, Klarinette, Trompete<br><br>1963 &#8211; 1965<br>Renate SCHERER<br>Gitarre<br><br>1963 &#8211; 1964<br>Eva BRODER<br>Gitarre<br><br>1964 &#8211; 1967<br>Maria FEICHTINGER<br>Violine<br><br>1965 &#8211; 1977<br>Hilda F\u00d6RSTER<br>Klavier, Akkordeon<br><br>1966 &#8211; 1979<br>Thomas ILLENBERGER<br>Querfl\u00f6te<br><br>1966 &#8211; 1972<br>Ortrud MICHL-POSEDU<br>Gitarre<br><br>1966 &#8211; 1972<br>Claudius TUSCHER<br>Violoncello<br><br>1967 &#8211; 1971<br>Josef KANCZ<br>Violine, Akkordeon<br><br>1967 &#8211; 1968<br>Franz ZETTL<br>Blechblasinstrumente, Klarinette<br><br>1970 &#8211; 1981<br>Wilfried PODBOJ<br>Violine, Klavier<br><br>1971 &#8211; 1978<br>Franz ZETTL<br>Blechblasinstrumente, Klarinette<br><br>1972 &#8211; 1976<br>Ernst SMOLE<br>Violoncello<br><br>1972 &#8211; 1981<br>Editha HOLNTHANER-B\u00c4RNTHALER<br>Gitarre<br><br>1973 &#8211; 1979<br>Beate GRAF<br>Gitarre<br><br>1973 &#8211; 1974<br>Ernst SCHINDLING<br>Gitarre<br><br>1973 &#8211; 2015<br>Margit PAVELIC<br>Blockfl\u00f6te, Klavier<br><br>1974 &#8211; 1981<br>Erwin KOCH<br>Schlagzeug<br><br>1976 &#8211; 1977<br>Karl KUMPUSCH<br>Violoncello<br><br>1976 &#8211; 2014 &nbsp;&nbsp;<br>Dorothea JOHANSEN<br>Gitarre<br><br>1977 &#8211; 2011<br>Amanda CVETKO<br>Violoncello, Blockfl\u00f6te, Gesang<br><br>1978 &#8211; 1985<br>Michael HORCICKA<br>Blechblasinstrumente<br><br>1978 &#8211; 2018<br>Josef RESCH<br>Klarinette, Saxophon<br><br>1979 &#8211; 1986<br>Mag. Eva HOCHLEITNER<br>Querfl\u00f6te<br><br>1980 &#8211; 1982<br>Renate GRABNER-DILLINGER<br>Blockfl\u00f6te, Klavier<br><br>1981 &#8211; 2021:<br>Walter BIGLER<br>Akkordeon, Blockfl\u00f6te, Theorie<br><br>1981 &#8211; 1984<br>Franz SCHOBER<br>Schlagzeug, Blechblasinstrumente<br><br>1982 &#8211; 2008<br>Dir. Wilfried PODBOJ<br>Violine, Theoret. F\u00e4cher<br><br>1982 &#8211; 1988<br>Mag. Gerd SCHULLER<br>Klavier, Jazz-Klavier, E-Orgel<br><br>1982 &#8211; 2022 &nbsp;<br>Mag. Burgi STARAL<br>Violine<br><br>1983&nbsp;&#8211; 2023<br>Mag. Claudia MAUERHOFER<br>Querfl\u00f6te, Blockfl\u00f6te, Musikal. Fr\u00fcherziehung<br><br>1983 &#8211; 1994&nbsp;&nbsp;&nbsp;<br>Maria WALLENKO<br>Klavier<br><br>1984 &#8211; 1998<br>Mag. Georg STAMPFER<br>Klavier<br><br>1984 &#8211; 1988<br>Mag. Gerhard WIESENTHANER<br>Schlagzeug<br><br>1984 &#8211; 1985<br>Karin SCHWARZ<br>Akkordeon<br><br>1984 &#8211; 1985<br>Ruth HOFER<br>Akkordeon<br><br>1985 &#8211; 1985<br>Walter WALLENTA<br>Klarinette, Saxophon<br><br>1986 &#8211; 1988<br>Sigi FEIGL<br>Klarinette<br><br>1986-2024<br>Peter ZINK<br>Blechblasinstrumente, Volksmusikinstrumente, Theorie<br><br>1988 &#8211; 1990<br>Ulrich RENNERT<br>Klavier, E-Orgel, Keyboard<br><br>1990 &#8211; 1992<br>Robert BEIRER<br>Klavier, E-Orgel, Keyboard<br><br>1992 &#8211; 1995<br>Rosa DWORSCHAK<br>Akkordeon<br><br>seit 1992<br>Mag. Ursula INNERHOFER-GLUDERER<br>Klavier, Jazz-Klavier, Korrepetition<br><br>1994 &#8211; 1995<br>Veronika FRIEDL<br>Blockfl\u00f6te, Klavier<br><br>1998 &#8211; 2008<br>Mag. Josef FERK<br>Blechblasinstrumente, Blasorchester<br><br>2000 &#8211; 2001<br>Mag. Daniela OSWALD<br>Klavier, Korrepetition<br><br>seit 2000<br>Mag. Andrea ADAM<br>Blockfl\u00f6te, Ensemble, Musikalische Fr\u00fcherziehung<br><br>2000 &#8211; 2013 &nbsp;<br>Mag. Bernd STINGL<br>Klavier, Korrepetition<br><br>2000 &#8211; 2001<br>Mag. Mario HOFER<br>Klarinette, Saxophon, Querfl\u00f6te<br><br>seit 2006&nbsp;&nbsp;&nbsp;<br>Mag. Bernhard RICHTER<br>Schlagwerk<br><br>seit 2008&nbsp;&nbsp;&nbsp;<br>Dir. Mag. Josef FERK, MA<br>Blechblasinstrumente, Blasorchester, Theorie, Ensembleleitung<br><br>seit 2012<br>MMag. Martina TRUNK<br>Cello, Gesang, Blockfl\u00f6te<br><br>2012 \u2013 2013<br>Mag. Elisabeth KR\u00d6PFL<br>Klavier, Violine<\/p>\n\n\n\n<p>seit 2012<br>Martina PLASCHG, MA\u00a0MA MA<br>Klavier, Korrepetition<\/p>\n\n\n\n<p>2013 \u2013 2014<br>Mag<sup>a<\/sup>. Katja FINSEL, BA MA<br>Violoncello<\/p>\n\n\n\n<p>2013&nbsp;&#8211; 2022<br>Florian WIDMANN, MA MA<br>Gesang, Stimmbildung, Chor<\/p>\n\n\n\n<p>seit 2014<br>Manuel WALLNER<br>Gitarre, E-Gitarre<\/p>\n\n\n\n<p>2015 \u2013 2016<br>Mag<sup>a<\/sup>. Irene DELLER<br>Cello, Blockfl\u00f6te<\/p>\n\n\n\n<p>seit 2015<br>Azadeh BALASH, BA BA<br>Klavier, Schlagzeug<\/p>\n\n\n\n<p>2015 &#8211; 2023<br>Mag. Robert DENK, BA<br>Horn, Musiktheorie, Ensemble<\/p>\n\n\n\n<p>seit 2015<br>Mag. Marian KOLARIK, BA<br>Gitarre, E-Gitarre<br><br>2015\u00a0&#8211; 2019<br>MMag. Franz TEISSL, BA<br>E-Bass, Kontrabass<br><br>2018 &#8211; 2019<br>Mag. Martin VESZELOVICZ<br>Akkordeon, Keyboard<br><br>seit 2018<br>Tina SWOBODA, BA BA MA MA<br>Klarinette, Saxophon, Musiktheorie<br><br>seit 2019<br>Mag. Katharina STANGL<br>Viola, Violine<br><br>seit 2019<br>Kathrin ULLY, BA BA MA MA<br>Querfl\u00f6te, Elementare Musikp\u00e4dagogik<br><br>2021 &#8211; 2023<br>Anton-Peter HOFER, BA<br>Akkordeon, Keyboard, tiefes Blech, Volksmusik<br><br>2022 &#8211; 2025<br>Martina SCHLEMMER, BA BA<br>Gesang<br><br>seit 2022<br>Elena SCHLAUER, BA<br>Klavier<br><br>seit 2023<br>Iris HAFNER, BA<br>Harfe, Elementare Musikp\u00e4dagogik<br><br>seit 2023<br>\u017dan TROBAS, BA BA MA<br>Akkordeon, Keyboard, Volksmusikinstrumente<\/p>\n\n\n\n<p>seit 2024<br>Tobias WEI\u00df, BA MA<br>Horn, Tuba, Posaune<\/p>\n\n\n\n<p>seit 2025<br>Mag. Daniela HOFMANN<br>Gesang, Klavier, Jazzsaxophon<\/p>\n\n\n\n<p>seit 2026<br>Marlene TRAUNER<br>Harfe, Elementare Musikp\u00e4dagogik<\/p>\n\n\n\n<p><\/p>\n","protected":false},"excerpt":{"rendered":"<p>1955 &#8211; 1955Sophie WAGNERKlavier, Akkordeon 1955 &#8211; 1965Karl KNIELYKlavier, Akkordeon 1955 &#8211; 1981Dir. Prof. Franz KORINGERVioline, Theoretische F\u00e4cher 1955 &#8211; 1981Egon NAGELM\u00dcLLERBlockfl\u00f6te 1955 &#8211; 1955Carina PICHONVioline 1955 &#8211; 1955Prof. Franz [&hellip;]<\/p>\n","protected":false},"author":1,"featured_media":0,"parent":20,"menu_order":0,"comment_status":"closed","ping_status":"closed","template":"","meta":{"ngg_post_thumbnail":0,"_EventAllDay":false,"_EventTimezone":"","_EventStartDate":"","_EventEndDate":"","_EventStartDateUTC":"","_EventEndDateUTC":"","_EventShowMap":false,"_EventShowMapLink":false,"_EventURL":"","_EventCost":"","_EventCostDescription":"","_EventCurrencySymbol":"","_EventCurrencyCode":"","_EventCurrencyPosition":"","_EventDateTimeSeparator":"","_EventTimeRangeSeparator":"","_EventOrganizerID":[],"_EventVenueID":[],"_OrganizerEmail":"","_OrganizerPhone":"","_OrganizerWebsite":"","_VenueAddress":"","_VenueCity":"","_VenueCountry":"","_VenueProvince":"","_VenueState":"","_VenueZip":"","_VenuePhone":"","_VenueURL":"","_VenueStateProvince":"","_VenueLat":"","_VenueLng":"","_VenueShowMap":false,"_VenueShowMapLink":false,"footnotes":""},"class_list":["post-42","page","type-page","status-publish","hentry"],"blocksy_meta":[],"_links":{"self":[{"href":"https:\/\/www.ms-leibnitz.at\/index.php\/wp-json\/wp\/v2\/pages\/42","targetHints":{"allow":["GET"]}}],"collection":[{"href":"https:\/\/www.ms-leibnitz.at\/index.php\/wp-json\/wp\/v2\/pages"}],"about":[{"href":"https:\/\/www.ms-leibnitz.at\/index.php\/wp-json\/wp\/v2\/types\/page"}],"author":[{"embeddable":true,"href":"https:\/\/www.ms-leibnitz.at\/index.php\/wp-json\/wp\/v2\/users\/1"}],"replies":[{"embeddable":true,"href":"https:\/\/www.ms-leibnitz.at\/index.php\/wp-json\/wp\/v2\/comments?post=42"}],"version-history":[{"count":14,"href":"https:\/\/www.ms-leibnitz.at\/index.php\/wp-json\/wp\/v2\/pages\/42\/revisions"}],"predecessor-version":[{"id":1763,"href":"https:\/\/www.ms-leibnitz.at\/index.php\/wp-json\/wp\/v2\/pages\/42\/revisions\/1763"}],"up":[{"embeddable":true,"href":"https:\/\/www.ms-leibnitz.at\/index.php\/wp-json\/wp\/v2\/pages\/20"}],"wp:attachment":[{"href":"https:\/\/www.ms-leibnitz.at\/index.php\/wp-json\/wp\/v2\/media?parent=42"}],"curies":[{"name":"wp","href":"https:\/\/api.w.org\/{rel}","templated":true}]}}

Lehrkräfte an der Musikschule seit Gründung

<p>1955 &#8211; 1955<br>Sophie WAGNER<br>Klavier, Akkordeon<br><br>1955 &#8211; 1965<br>Karl KNIELY<br>Klavier, Akkordeon<br><br>1955 &#8211; 1981<br>Dir. Prof. Franz KORINGER<br>Violine, Theoretische Fächer<br><br>1955 &#8211; 1981<br>Egon NAGELMÜLLER<br>Blockflöte<br><br>1955 &#8211; 1955<br>Carina PICHON<br>Violine<br><br>1955 &#8211; 1955<br>Prof. Franz ROLLER<br>Klavier, Violine<br><br>1955 &#8211; 1984<br>Reinfriede SAUER<br>Blockflöte<br><br>1955 &#8211; 1963<br>Maria FRITZ<br>Zither, Gitarre<br><br>1957 &#8211; 1961<br>Rudolf KORP<br>Trompete<br><br>1958 &#8211; 1960<br>Prof. Dr. Wolfgang SUPPAN<br>Klarinette, Klavier, Violine<br><br>1960 &#8211; 1960<br>Josef ROSENBERG<br>Schlagzeug<br><br>1961 &#8211; 1962<br>Leonhard WINKLER<br>Blechblasinstrumente, Klarinette<br><br>1962 &#8211; 1964<br>Helga FREUDENDORFER<br>Violine, Gitarre<br><br>1962 &#8211; 1971<br>Herbert SAUER<br>Akkordeon, Klarinette, Trompete<br><br>1963 &#8211; 1965<br>Renate SCHERER<br>Gitarre<br><br>1963 &#8211; 1964<br>Eva BRODER<br>Gitarre<br><br>1964 &#8211; 1967<br>Maria FEICHTINGER<br>Violine<br><br>1965 &#8211; 1977<br>Hilda FÖRSTER<br>Klavier, Akkordeon<br><br>1966 &#8211; 1979<br>Thomas ILLENBERGER<br>Querflöte<br><br>1966 &#8211; 1972<br>Ortrud MICHL-POSEDU<br>Gitarre<br><br>1966 &#8211; 1972<br>Claudius TUSCHER<br>Violoncello<br><br>1967 &#8211; 1971<br>Josef KANCZ<br>Violine, Akkordeon<br><br>1967 &#8211; 1968<br>Franz ZETTL<br>Blechblasinstrumente, Klarinette<br><br>1970 &#8211; 1981<br>Wilfried PODBOJ<br>Violine, Klavier<br><br>1971 &#8211; 1978<br>Franz ZETTL<br>Blechblasinstrumente, Klarinette<br><br>1972 &#8211; 1976<br>Ernst SMOLE<br>Violoncello<br><br>1972 &#8211; 1981<br>Editha HOLNTHANER-BÄRNTHALER<br>Gitarre<br><br>1973 &#8211; 1979<br>Beate GRAF<br>Gitarre<br><br>1973 &#8211; 1974<br>Ernst SCHINDLING<br>Gitarre<br><br>1973 &#8211; 2015<br>Margit PAVELIC<br>Blockflöte, Klavier<br><br>1974 &#8211; 1981<br>Erwin KOCH<br>Schlagzeug<br><br>1976 &#8211; 1977<br>Karl KUMPUSCH<br>Violoncello<br><br>1976 &#8211; 2014 &nbsp;&nbsp;<br>Dorothea JOHANSEN<br>Gitarre<br><br>1977 &#8211; 2011<br>Amanda CVETKO<br>Violoncello, Blockflöte, Gesang<br><br>1978 &#8211; 1985<br>Michael HORCICKA<br>Blechblasinstrumente<br><br>1978 &#8211; 2018<br>Josef RESCH<br>Klarinette, Saxophon<br><br>1979 &#8211; 1986<br>Mag. Eva HOCHLEITNER<br>Querflöte<br><br>1980 &#8211; 1982<br>Renate GRABNER-DILLINGER<br>Blockflöte, Klavier<br><br>1981 &#8211; 2021:<br>Walter BIGLER<br>Akkordeon, Blockflöte, Theorie<br><br>1981 &#8211; 1984<br>Franz SCHOBER<br>Schlagzeug, Blechblasinstrumente<br><br>1982 &#8211; 2008<br>Dir. Wilfried PODBOJ<br>Violine, Theoret. Fächer<br><br>1982 &#8211; 1988<br>Mag. Gerd SCHULLER<br>Klavier, Jazz-Klavier, E-Orgel<br><br>1982 &#8211; 2022 &nbsp;<br>Mag. Burgi STARAL<br>Violine<br><br>1983&nbsp;&#8211; 2023<br>Mag. Claudia MAUERHOFER<br>Querflöte, Blockflöte, Musikal. Früherziehung<br><br>1983 &#8211; 1994&nbsp;&nbsp;&nbsp;<br>Maria WALLENKO<br>Klavier<br><br>1984 &#8211; 1998<br>Mag. Georg STAMPFER<br>Klavier<br><br>1984 &#8211; 1988<br>Mag. Gerhard WIESENTHANER<br>Schlagzeug<br><br>1984 &#8211; 1985<br>Karin SCHWARZ<br>Akkordeon<br><br>1984 &#8211; 1985<br>Ruth HOFER<br>Akkordeon<br><br>1985 &#8211; 1985<br>Walter WALLENTA<br>Klarinette, Saxophon<br><br>1986 &#8211; 1988<br>Sigi FEIGL<br>Klarinette<br><br>1986-2024<br>Peter ZINK<br>Blechblasinstrumente, Volksmusikinstrumente, Theorie<br><br>1988 &#8211; 1990<br>Ulrich RENNERT<br>Klavier, E-Orgel, Keyboard<br><br>1990 &#8211; 1992<br>Robert BEIRER<br>Klavier, E-Orgel, Keyboard<br><br>1992 &#8211; 1995<br>Rosa DWORSCHAK<br>Akkordeon<br><br>seit 1992<br>Mag. Ursula INNERHOFER-GLUDERER<br>Klavier, Jazz-Klavier, Korrepetition<br><br>1994 &#8211; 1995<br>Veronika FRIEDL<br>Blockflöte, Klavier<br><br>1998 &#8211; 2008<br>Mag. Josef FERK<br>Blechblasinstrumente, Blasorchester<br><br>2000 &#8211; 2001<br>Mag. Daniela OSWALD<br>Klavier, Korrepetition<br><br>seit 2000<br>Mag. Andrea ADAM<br>Blockflöte, Ensemble, Musikalische Früherziehung<br><br>2000 &#8211; 2013 &nbsp;<br>Mag. Bernd STINGL<br>Klavier, Korrepetition<br><br>2000 &#8211; 2001<br>Mag. Mario HOFER<br>Klarinette, Saxophon, Querflöte<br><br>seit 2006&nbsp;&nbsp;&nbsp;<br>Mag. Bernhard RICHTER<br>Schlagwerk<br><br>seit 2008&nbsp;&nbsp;&nbsp;<br>Dir. Mag. Josef FERK, MA<br>Blechblasinstrumente, Blasorchester, Theorie, Ensembleleitung<br><br>seit 2012<br>MMag. Martina TRUNK<br>Cello, Gesang, Blockflöte<br><br>2012 – 2013<br>Mag. Elisabeth KRÖPFL<br>Klavier, Violine</p>



<p>seit 2012<br>Martina PLASCHG, MA MA MA<br>Klavier, Korrepetition</p>



<p>2013 – 2014<br>Mag<sup>a</sup>. Katja FINSEL, BA MA<br>Violoncello</p>



<p>2013&nbsp;&#8211; 2022<br>Florian WIDMANN, MA MA<br>Gesang, Stimmbildung, Chor</p>



<p>seit 2014<br>Manuel WALLNER<br>Gitarre, E-Gitarre</p>



<p>2015 – 2016<br>Mag<sup>a</sup>. Irene DELLER<br>Cello, Blockflöte</p>



<p>seit 2015<br>Azadeh BALASH, BA BA<br>Klavier, Schlagzeug</p>



<p>2015 &#8211; 2023<br>Mag. Robert DENK, BA<br>Horn, Musiktheorie, Ensemble</p>



<p>seit 2015<br>Mag. Marian KOLARIK, BA<br>Gitarre, E-Gitarre<br><br>2015 &#8211; 2019<br>MMag. Franz TEISSL, BA<br>E-Bass, Kontrabass<br><br>2018 &#8211; 2019<br>Mag. Martin VESZELOVICZ<br>Akkordeon, Keyboard<br><br>seit 2018<br>Tina SWOBODA, BA BA MA MA<br>Klarinette, Saxophon, Musiktheorie<br><br>seit 2019<br>Mag. Katharina STANGL<br>Viola, Violine<br><br>seit 2019<br>Kathrin ULLY, BA BA MA MA<br>Querflöte, Elementare Musikpädagogik<br><br>2021 &#8211; 2023<br>Anton-Peter HOFER, BA<br>Akkordeon, Keyboard, tiefes Blech, Volksmusik<br><br>2022 &#8211; 2025<br>Martina SCHLEMMER, BA BA<br>Gesang<br><br>seit 2022<br>Elena SCHLAUER, BA<br>Klavier<br><br>seit 2023<br>Iris HAFNER, BA<br>Harfe, Elementare Musikpädagogik<br><br>seit 2023<br>Žan TROBAS, BA BA MA<br>Akkordeon, Keyboard, Volksmusikinstrumente</p>



<p>seit 2024<br>Tobias WEIß, BA MA<br>Horn, Tuba, Posaune</p>



<p>seit 2025<br>Mag. Daniela HOFMANN<br>Gesang, Klavier, Jazzsaxophon</p>



<p>seit 2026<br>Marlene TRAUNER<br>Harfe, Elementare Musikpädagogik</p>



<p></p>

<p>1955 &#8211; 1955Sophie WAGNERKlavier, Akkordeon 1955 &#8211; 1965Karl KNIELYKlavier, Akkordeon 1955 &#8211; 1981Dir. Prof. Franz KORINGERVioline, Theoretische Fächer 1955 &#8211; 1981Egon NAGELMÜLLERBlockflöte 1955 &#8211; 1955Carina PICHONVioline 1955 &#8211; 1955Prof. Franz [&hellip;]</p>
