{"id":18,"date":"2023-10-10T10:00:00","date_gmt":"2023-10-10T08:00:00","guid":{"rendered":"https:\/\/www.ms-leibnitz.at\/?page_id=18"},"modified":"2024-05-14T11:16:33","modified_gmt":"2024-05-14T09:16:33","slug":"musikschule","status":"publish","type":"page","link":"https:\/\/www.ms-leibnitz.at\/index.php\/musikschule\/","title":{"rendered":"Musikschule"},"content":{"rendered":"\n<p>Die Franz-Koringer Musikschule der Stadt Leibnitz ist eine von 55 \u00f6ffentlichen Musikschulen in der Steiermark.<br>Dem Lehrerteam der Musikschule liegt die Ausbildung der Nachwuchsmusiker besonders am Herzen. Dadurch sind wir stets um den gr\u00f6\u00dftm\u00f6glichen Lernfortschritt unserer Sch\u00fcler bem\u00fcht.<\/p>\n\n\n\n<p><strong>Was bietet unsere Musikschule?<\/strong><\/p>\n\n\n\n<ul class=\"wp-block-list\">\n<li>Wir bieten eine umfassende Ausbildung in den Bereichen Klassik, Volksmusik, Blasmusik, Gesang und Theorie.<\/li>\n\n\n\n<li>F\u00fcr Kinder ab vier Jahren ist es m\u00f6glich als Vorstufe die &#8222;Musikalische Fr\u00fcherziehung&#8220; in Anspruch zu nehmen.<\/li>\n\n\n\n<li>F\u00fcr kleinere Kinder ab 6 Monaten wird eine eigene Eltern-Kind-Gruppe angeboten.<\/li>\n\n\n\n<li>Musiksch\u00fclerInnen unserer Musikschule nehmen regelm\u00e4\u00dfig an Wettbewerben teil (z. B. Prima la musica, Musik in kleinen Gruppen, Alpenl\u00e4ndischer&nbsp; Volksmusikwettbewerb, &#8230;).<\/li>\n\n\n\n<li>Die Lehrkr\u00e4fte unserer Musikschule veranstalten mehrmals im Jahr Vorspielabende.<\/li>\n\n\n\n<li>Durch die Teilnahme am \u00f6ffentlichen und kulturellen Leben wird auch das Pers\u00f6nlichkeitsbild jeder einzelnen Person gepr\u00e4gt.<\/li>\n\n\n\n<li>Die reichhaltige Ausbildung unserer Musiksch\u00fcler und das Unterrichten in verschiedensten Musikstilen und Musikepochen, weckt die Lust und Neugier unserer&nbsp; Jungmusiker.<\/li>\n<\/ul>\n","protected":false},"excerpt":{"rendered":"<p>Die Franz-Koringer Musikschule der Stadt Leibnitz ist eine von 55 \u00f6ffentlichen Musikschulen in der Steiermark.Dem Lehrerteam der Musikschule liegt die Ausbildung der Nachwuchsmusiker besonders am Herzen. Dadurch sind wir stets [&hellip;]<\/p>\n","protected":false},"author":1,"featured_media":0,"parent":0,"menu_order":0,"comment_status":"closed","ping_status":"closed","template":"","meta":{"ngg_post_thumbnail":0,"_EventAllDay":false,"_EventTimezone":"","_EventStartDate":"","_EventEndDate":"","_EventStartDateUTC":"","_EventEndDateUTC":"","_EventShowMap":false,"_EventShowMapLink":false,"_EventURL":"","_EventCost":"","_EventCostDescription":"","_EventCurrencySymbol":"","_EventCurrencyCode":"","_EventCurrencyPosition":"","_EventDateTimeSeparator":"","_EventTimeRangeSeparator":"","_EventOrganizerID":[],"_EventVenueID":[],"_OrganizerEmail":"","_OrganizerPhone":"","_OrganizerWebsite":"","_VenueAddress":"","_VenueCity":"","_VenueCountry":"","_VenueProvince":"","_VenueState":"","_VenueZip":"","_VenuePhone":"","_VenueURL":"","_VenueStateProvince":"","_VenueLat":"","_VenueLng":"","_VenueShowMap":false,"_VenueShowMapLink":false,"footnotes":""},"class_list":["post-18","page","type-page","status-publish","hentry"],"blocksy_meta":[],"_links":{"self":[{"href":"https:\/\/www.ms-leibnitz.at\/index.php\/wp-json\/wp\/v2\/pages\/18","targetHints":{"allow":["GET"]}}],"collection":[{"href":"https:\/\/www.ms-leibnitz.at\/index.php\/wp-json\/wp\/v2\/pages"}],"about":[{"href":"https:\/\/www.ms-leibnitz.at\/index.php\/wp-json\/wp\/v2\/types\/page"}],"author":[{"embeddable":true,"href":"https:\/\/www.ms-leibnitz.at\/index.php\/wp-json\/wp\/v2\/users\/1"}],"replies":[{"embeddable":true,"href":"https:\/\/www.ms-leibnitz.at\/index.php\/wp-json\/wp\/v2\/comments?post=18"}],"version-history":[{"count":3,"href":"https:\/\/www.ms-leibnitz.at\/index.php\/wp-json\/wp\/v2\/pages\/18\/revisions"}],"predecessor-version":[{"id":1038,"href":"https:\/\/www.ms-leibnitz.at\/index.php\/wp-json\/wp\/v2\/pages\/18\/revisions\/1038"}],"wp:attachment":[{"href":"https:\/\/www.ms-leibnitz.at\/index.php\/wp-json\/wp\/v2\/media?parent=18"}],"curies":[{"name":"wp","href":"https:\/\/api.w.org\/{rel}","templated":true}]}}

<p>Die Franz-Koringer Musikschule der Stadt Leibnitz ist eine von 55 öffentlichen Musikschulen in der Steiermark.<br>Dem Lehrerteam der Musikschule liegt die Ausbildung der Nachwuchsmusiker besonders am Herzen. Dadurch sind wir stets um den größtmöglichen Lernfortschritt unserer Schüler bemüht.</p>



<p><strong>Was bietet unsere Musikschule?</strong></p>



<ul class="wp-block-list">
<li>Wir bieten eine umfassende Ausbildung in den Bereichen Klassik, Volksmusik, Blasmusik, Gesang und Theorie.</li>



<li>Für Kinder ab vier Jahren ist es möglich als Vorstufe die &#8222;Musikalische Früherziehung&#8220; in Anspruch zu nehmen.</li>



<li>Für kleinere Kinder ab 6 Monaten wird eine eigene Eltern-Kind-Gruppe angeboten.</li>



<li>MusikschülerInnen unserer Musikschule nehmen regelmäßig an Wettbewerben teil (z. B. Prima la musica, Musik in kleinen Gruppen, Alpenländischer&nbsp; Volksmusikwettbewerb, &#8230;).</li>



<li>Die Lehrkräfte unserer Musikschule veranstalten mehrmals im Jahr Vorspielabende.</li>



<li>Durch die Teilnahme am öffentlichen und kulturellen Leben wird auch das Persönlichkeitsbild jeder einzelnen Person geprägt.</li>



<li>Die reichhaltige Ausbildung unserer Musikschüler und das Unterrichten in verschiedensten Musikstilen und Musikepochen, weckt die Lust und Neugier unserer&nbsp; Jungmusiker.</li>
</ul>

<p>Die Franz-Koringer Musikschule der Stadt Leibnitz ist eine von 55 öffentlichen Musikschulen in der Steiermark.Dem Lehrerteam der Musikschule liegt die Ausbildung der Nachwuchsmusiker besonders am Herzen. Dadurch sind wir stets [&hellip;]</p>
